hat is the greatest common factor of 1863 and 120447?
81
Calculate the highest common divisor of 177 and 3013956.
177
What is the highest common factor of 117 and 547443?
117
Calculate the highest common factor of 84677 and 1156.
289
What is the highest common divisor of 92 and 780?
4
Calculate the highest common divisor of 19642 and 10626.
322
Calculate the highest common factor of 5805 and 5535.
135
Calculate the greatest common divisor of 26 and 3429556.
26
What is the greatest common divisor of 470 and 730?
10
What is the greatest common factor of 10721 and 906?
151
What is the highest common factor of 282 and 737994?
282
What is the greatest common factor of 528136 and 56?
56
Calculate the highest common divisor of 53 and 14711846.
53
What is the highest common factor of 166 and 1262762?
166
Calculate the highest common divisor of 7 and 934157.
7
What is the highest common factor of 493 and 914022?
493
What is the highest common factor of 221 and 34?
17
What is the highest common divisor of 101934 and 1015?
7
What is the greatest common factor of 1 and 405499?
1
What is the highest common factor of 5875 and 36895?
235
Calculate the highest common factor of 375 and 2232.
3
What is the highest common factor of 1095 and 2895?
15
Calculate the highest common divisor of 18 and 417222.
18
What is the highest common divisor of 244778 and 4?
2
Calculate the greatest common divisor of 97170 and 1722.
246
Calculate the greatest common factor of 5088 and 1184.
32
What is the greatest common factor of 112 and 2975?
7
Calculate the greatest common divisor of 72 and 3380004.
36
What is the greatest common divisor of 1808 and 30623?
113
What is the highest common factor of 24078 and 6?
6
Calculate the greatest common divisor of 36 and 4803.
3
What is the greatest common divisor of 3119433 and 537?
537
Calculate the highest common divisor of 12348 and 56.
28
What is the highest common divisor of 59469 and 922?
461
What is the greatest common divisor of 112 and 324912?
112
What is the greatest common divisor of 27 and 404541?
27
Calculate the greatest common factor of 427786 and 2675.
107
What is the greatest common factor of 4072794 and 1518?
1518
What is the greatest common divisor of 976 and 252418?
122
What is the highest common divisor of 675 and 6543?
9
Calculate the highest common factor of 29548 and 23904.
332
What is the highest common divisor of 186 and 87172?
62
Calculate the greatest common factor of 72 and 1376334.
18
Calculate the greatest common divisor of 984 and 170724.
492
Calculate the highest common factor of 40722 and 132.
66
What is the highest common divisor of 220 and 374220?
220
Calculate the highest common factor of 1892 and 15566.
86
Calculate the greatest common divisor of 4617 and 972.
243
What is the highest common divisor of 425616 and 2?
2
What is the highest common factor of 1422 and 1106?
158
Calculate the greatest common factor of 35766 and 72.
18
What is the greatest common divisor of 1815505 and 460?
115
Calculate the greatest common divisor of 48 and 3212256.
48
Calculate the highest common divisor of 120 and 9072.
24
What is the greatest common divisor of 1110 and 315166?
74
What is the greatest common divisor of 264 and 7152?
24
Calculate the greatest common factor of 465 and 10664.
31
What is the highest common divisor of 876882 and 11514?
606
Calculate the highest common divisor of 372 and 44516.
124
What is the greatest common divisor of 810 and 84510?
270
What is the greatest common divisor of 4357698 and 1336?
334
What is the greatest common divisor of 768 and 42752?
256
What is the highest common divisor of 22080 and 67440?
240
What is the highest common factor of 134 and 1236?
2
What is the greatest common divisor of 1168 and 648?
8
What is the greatest common factor of 264520 and 7480?
680
Calculate the greatest common divisor of 564 and 1363.
47
What is the greatest common divisor of 854 and 244610?
122
What is the greatest common factor of 9240 and 672?
168
What is the greatest common factor of 426752 and 19200?
256
Calculate the highest common factor of 13394 and 1448.
362
Calculate the highest common divisor of 220 and 16170.
110
What is the greatest common divisor of 11730 and 15870?
690
Calculate the highest common divisor of 12560 and 3600.
80
What is the greatest common divisor of 18767 and 47089?
49
What is the greatest common divisor of 351 and 226109?
13
Calculate the greatest common divisor of 1714 and 4150.
2
Calculate the greatest common divisor of 39 and 1490580.
39
What is the greatest common divisor of 2662 and 66?
22
What is the greatest common divisor of 201 and 337278?
201
Calculate the greatest common divisor of 280 and 145285.
35
What is the highest common divisor of 426317 and 206?
103
Calculate the greatest common factor of 1856959 and 39.
13
What is the greatest common divisor of 49986 and 36?
18
What is the greatest common divisor of 60 and 274830?
30
Calculate the highest common factor of 6 and 1033854.
6
Calculate the greatest common factor of 24957 and 35767.
47
What is the greatest common factor of 18 and 49041?
9
Calculate the highest common factor of 210140 and 632.
316
Calculate the greatest common divisor of 550 and 108768.
22
What is the highest common divisor of 2541280 and 320?
160
What is the highest common factor of 154 and 1672?
22
Calculate the highest common divisor of 1681 and 1353.
41
What is the highest common divisor of 1098438 and 2670?
534
What is the highest common factor of 10309 and 1521?
169
What is the greatest common divisor of 25249 and 357?
7
Calculate the greatest common factor of 164 and 988223.
41
What is the greatest common factor of 200216 and 464?
232
What is the greatest common divisor of 134749 and 183?
61
What is the greatest common divisor of 118 and 3422?
118
What is the greatest common factor of 567054 and 216?
54
What is the greatest common divisor of 874 and 10856?
46
What is the highest common factor of 1672613 and 17?
17
What is the greatest common factor of 42 and 548961?
21
Calculate the highest common factor of 43 and 954643.
43
What is the greatest common divisor of 75 and 3674925?
75
Calculate the greatest common factor of 57 and 78869.
19
What is the highest common divisor of 533 and 767?
13
Calculate the greatest common factor of 260 and 838435.
65
Calculate the highest common factor of 15948 and 1068.
12
Calculate the greatest common divisor of 77928 and 1496.
136
What is the greatest common divisor of 169 and 24648?
13
What is the greatest common factor of 52 and 17966?
26
Calculate the highest common divisor of 1700 and 1684.
4
Calculate the greatest common divisor of 36 and 11925.
9
Calculate the greatest common factor of 650 and 27495.
65
What is the highest common factor of 1187280 and 1224?
1224
What is the highest common factor of 332 and 498?
166
What is the highest common divisor of 24308 and 10300?
412
What is the greatest common factor of 4777 and 552727?
281
What is the highest common divisor of 1107 and 270?
27
Calculate the highest common factor of 67202 and 10.
2
What is the greatest common divisor of 1261304 and 792?
88
What is the highest common divisor of 13035 and 14457?
237
What is the highest common divisor of 7350 and 2310?
210
What is the highest common divisor of 299 and 6955?
13
Calculate the greatest common divisor of 51525 and 50.
25
Calculate the highest common divisor of 2564 and 40383.
641
What is the greatest common factor of 40743 and 53821?
503
Calculate the highest common divisor of 225 and 1440.
45
Calculate the greatest common divisor of 12538880 and 316.
316
What is the greatest common factor of 369 and 1809?
9
What is the greatest common factor of 8000 and 2700?
100
What is the greatest common factor of 110916 and 4212?
1404
Calculate the highest common divisor of 107998 and 110.
22
What is the greatest common factor of 54593 and 1001?
77
Calculate the highest common divisor of 88 and 50798.
22
Calculate the highest common factor of 2944721 and 1612.
403
Calculate the greatest common divisor of 8426167 and 757.
757
Calculate the greatest common divisor of 24273 and 27.
27
What is the highest common divisor of 520 and 758784?
104
What is the greatest common factor of 112 and 117740?
28
Wh